(j).
-5
Let z(h) = 3*h + 13. Let y be ((-4)/((-8)/(-18)))/(237/158). Determine z(y).
-5
Let v(x) be the first derivative of x**4/4 - 2*x**3 + 3*x**2 + 4*x - 79. Give v(5).
9
Let d(a) = -a. Let v(u) = -u**2 - 16*u + 9. Let r be v(-16). Calculate d(r).
-9
Let r(q) = 14*q**3 - 7*q**2 - 11*q - 9. Let m(o) = -7*o**3 + 3*o**2 + 5*o + 4. Let a(i) = -9*m(i) - 4*r(i). Give a(1).
7
Let q(x) = -x**2 + 2*x + 4. Let y = 117 - 123. Suppose -3*i + 29 = -7. Let t = y + i. Calculate q(t).
-20
Suppose -7*l = -86 - 5. Suppose y - 4*m = -l, 27 - 8 = 5*y + m. Let t(r) = -r - 3. What is t(y)?
-6
Let c(n) = 9*n - 1. Let x be ((-17)/((-153)/27))/((-3)/5). Give c(x).
-46
Let o(x) = -x + 2 - 3*x**3 - 2*x + 5*x**3. Let t be 181 + (-2 + -4)/(-2). Let r = t - 182. What is o(r)?
12
Let s(h) = h**2 + 2*h - 24. Let u be s(-7). Let c(z) = 2*z - 26. Calculate c(u).
-4
Let c(s) = s - 1 + 5*s**2 - s. Let h(u) = -u**2 + 11*u + 17. Let o be h(10). Let a = -26 + o. Calculate c(a).
4
Suppose 9*d = 8*d - 5. Let x(m) = m**3 + 7*m**2 + 7*m - 17. Let n be x(d). Let u(v) = -9*v - 1. What is u(n)?
17
Suppose -21*t - 107 = -65. Let d(l) = l**2 - l - 2. Calculate d(t).
4
Let c(v) be the first derivative of v**4/4 + 5*v**3/3 + v**2 - 3*v + 51. Let f(j) = -j**2 + 2*j + 4. Let q be f(4). Give c(q).
5
Let x(t) be the second derivative of -4*t**3/3 + t**2/2 + 2*t. Let p(m) = m**3 - m**2 + m + 2. Let y be p(0). Let b be (-4 + (-9)/(-2))*y. Calculate x(b).
-7
Suppose -5*w = -5 - 15. Let h(l) = -l + w*l**3 + 2*l + 1 - 2*l**3. Determine h(-2).
-17
Let z be (((-320)/12)/(-8)*-3)/1. Let j(t) = -t**3 - 11*t**2 - 8*t - 4. Determine j(z).
-24
Suppose -2*w + 3*p = -26 + 19, 2 = -w - 4*p. Let g(l) be the first derivative of -6 + l - 1/2*l**w. Give g(4).
-3
Let z(q) = q**3 - 2*q - 3. Let k = -24 + 21. Give z(k).
-24
Let a(y) = 3*y + 411 - 208 - 206. Let v = -20 - -25. Calculate a(v).
12
Suppose -15*l = 34*l + 98. Let z(i) = -6*i**2 - 1. Calculate z(l).
-25
Suppose -2*u + 1 = -7. Let v(j) be the third derivative of 1/24*j**4 - 15*j**2 - 5/6*j**3 + 0 + 0*j. Give v(u).
-1
Let s(q) = -5*q**2 + 3. Let f(z) = -6*z - z**2 + 12*z - 6*z. Suppose 1 + 3 = 4*a. Let r(d) = a*s(d) - 4*f(d). Determine r(0).
3
Let j(m) = 6*m + 2. Let s = -322 + 327. What is j(s)?
32
Let w(o) be the third derivative of -o**4/24 - o**3/3 - 6*o**2 - 15*o. Determine w(-7).
5
Let l(q) = q**3 - 5*q**2 - q - 2. Suppose -60 = 4*g + g. Let z = g - -14. Let o = 7 - z. What is l(o)?
-7
Suppose 109*o - 45 = 100*o. Let s(m) = -2*m + 2. Give s(o).
-8
Let j(m) = 5*m - 26. Let f be j(6). Suppose t = 2*k, 2*t = -f*k - 3*t. Let l(v) = v**3 - 3. Calculate l(k).
-3
Let v(g) be the second derivative of g**7/840 + g**6/90 - g**5/40 - g**4/6 - 2*g**3 - 2*g. Let z(b) be the second derivative of v(b). What is z(-4)?
8
Let h(y) = -4*y - 4. Let u(z) = -z - 1. Let t(b) = -2*h(b) + 7*u(b). Let n(j) = j**3 + j**2 - 4*j - 5. Let k = 60 - 64. Let l(c) = k*t(c) - n(c). What is l(0)?
1
Let k(z) = 43*z - 23. Let g(d) = 23*d - 14. Let q(n) = -5*g(n) + 3*k(n). What is q(-2)?
-27
Let x(w) = 38*w**2 - 4*w + 28. Let b(g) = -17*g**2 + 2*g - 13. Let r(o) = 9*b(o) + 4*x(o). Suppose -3*h - 4*c + 20 = -2*h, 2*h = -5*c + 28. Determine r(h).
-13
Let h(f) = f - 1. Suppose n - 2*k + 5 = 0, 0 = -5*n - 3*k + 4 + 36. Let j be h(n). Suppose -v = j*v + 5. Let s(r) = 6*r**3 + r**2 + r. Calculate s(v).
-6
Let v(d) = 2*d**3 + 63*d**2 - 97*d + 70. Let r be v(-33). Let t(y) be the second derivative of -7/6*y**3 + 1/12*y**4 - 3*y + 0 - r*y**2. Give t(6).
-14
Let w(g) = g - 5. Let r(n) = -n**2 + 8*n - 3. Let c(u) = -u - 1. Let j be c(-4). Let x be r(j). Let v be 1/(-6) + 86/x. What is w(v)?
2
Let a(h) be the third derivative of -h**5/60 + 11*h**4/24 - 11*h**3/3 - 30*h**2 + 1. Give a(8).
2
Let f(q) = -q + 13. Let m be (-2)/4 - (-30)/4. Let k be f(m). Let d(u) = u**2 - 6*u**2 - 2 + u + k*u**2 - 5*u**2 + u**3. Give d(4).
2
Let k(d) = -4*d**2 + 5*d - 1. Let b(h) = h**2 - h + 2. Let v(n) = 3*b(n) + k(n). Let o = 4 + -1. Let z be (1 - o)*(-30)/12. What is v(z)?
-10
Let q(p) be the first derivative of p**3/3 + 3*p**2/2 - 4*p + 12742. Let c be (1 + -3)/(4/10). Determine q(c).
6
Suppose -q - q + 4*d = 140, -d + 143 = -2*q. Let i be (-3)/2*q/135*-5. Let l(o) = 2*o + 6. Calculate l(i).
-2
Let x(t) = -t - 1. Let g(o) = -2*o - 7. Let u(n) = g(n) - 5*x(n). Let p(s) = -s**3 + 9*s**2 - 10*s + 19. Let m be p(8). Determine u(m).
7
Let a(q) = -q**3 + 5*q**2 + 8*q - 7. Let g(o) = 22 - 5 + 17 + 10 - 2*o. Let f be g(19). Give a(f).
5
Let k(j) be the third derivative of -j**7/840 + j**6/120 - j**5/60 + j**4/6 - 5*j**3/6 - 9*j**2. Let b(o) be the first derivative of k(o). Determine b(3).
-2
Suppose 0 = -o + 4*l + 28, 2*o - 9 = -o - 3*l. Suppose -i + o = 6. Let h(w) = 10*w**i - 13*w**2 - 2 - w + 2. What is h(1)?
-4
Suppose -4*c - 5 + 1 = 5*a, 1 = 2*a - c. Suppose 6 = -n - a*n. Let h(p) = -p**2 - 6*p - 4. Determine h(n).
-4
Suppose -4 = 4*g, -5*h + 5*g + 11 = -6*h. Let c(o) = -o**3 - 7*o**2 - 8*o - 8. Give c(h).
4
Let o be 1*-19 - (5 - 6)*2. Let g = 10 + o. Let q(v) = -v**3 - 8*v**2 - 8*v - 1. Calculate q(g).
6
Suppose -x + 60 = -130. Suppose -3*v = 5*i + x, -3*v = v - 4*i + 232. Let n be (-4)/(-10) - 156/v. Let f(g) = -g**2 + 1. Give f(n).
-8
Let p(k) = -12*k**3 - 12*k**3 - k**2 - k**2 + 1 + 12*k**3. Calculate p(1).
-13
Let u(a) = 6*a**3 - a**2 - a - 1. Let i be (3 + -5)/(8/4). Calculate u(i).
-7
Let u = 1106 - 1107. Let f(c) = 12*c**2 - c - 1. Calculate f(u).
12
Let n(s) = -s**2 - 17*s + 44. Let j = -2263 + 2244. Give n(j).
6
Let c(y) be the third derivative of y**6/120 - y**5/5 + 5*y**3/6 - 2*y**2 + 26. Determine c(12).
5
Let r = -17 - -3. Let f be r/21*(-1 + 4). Let w be f*(-1)/(-2)*-3. Let j(g) = g**3 - 3*g**2 - 2*g + 4. Give j(w).
-2
Let w = 124 - 202. Let m = w + 83. Let b(k) = -k + 7. Give b(m).
2
Let p(k) = -20*k - 321. Let o be p(-16). Let b(d) = 32*d**2 - d. Calculate b(o).
33
Let g(s) = -s - 4. Let t(u) = -2*u - 7. Let f(b) = -11*g(b) + 6*t(b). Suppose -12*x = -21 - 63. What is f(x)?
-5
Let u(a) = a + a**2 - 1 + 2*a + 2*a. Let x(q) = -12*q - 3*q**2 + 5 - 2*q**2 + 6*q**2. Let l be x(11). Give u(l).
5
Let f(m) be the third derivative of 0*m**4 + 11*m**2 + 7/60*m**5 + 0 + 0*m - 1/6*m**3. What is f(1)?
6
Let a(h) = 10*h**2 - 4*h + 9. Let f(u) = -u - 2*u**2 + 0*u + 4 - u + 7*u**2. Let k(s) = 3*a(s) - 7*f(s). Give k(1).
-4
Let i(y) = 3*y**2 + y - 3. Let r(z) = 5*z**2 + z - 5. Let u(f) = 7*i(f) - 4*r(f). Determine u(-4).
3
Let s(t) = -4*t - 17. Let f(b) = -7*b + 48. Let c be f(6). Let m be 13/(3*(-3)/(-18)). Let y(x) = x + 4. Let g(h) = c*s(h) + m*y(h). Determine g(2).
6
Let d(j) = 3 + 2*j - 6 + 1. Let n be (-75 + 21)/(6/8*-2). Let x be n/16 - 4/((-16)/3). What is d(x)?
4
Suppose c = -3*g + 1 - 5, 4*c - 4*g = 0. Let s(u) = u**3 + 1. Let k(r) = r**2 + 1. Let j(y) = c*k(y) - s(y). Determine j(2).
-14
Let r(k) = -137*k + 9 + k**2 + 128*k - 5 + 4 + 12. What is r(6)?
2
Let i = -2 - -26. Let d = -18 + i. Let m(b) = -d*b - 2*b + 4*b. Determine m(1).
-4
Let y(z) be the third derivative of z**8/5040 + z**7/5040 - z**6/720 - 2*z**5/5 - z**3/3 - 3*z**2 - z. Let m(c) be the third derivative of y(c). Calculate m(1).
4
Let x(s) = 9*s + 13. Let r(l) = -4*l - 7. Let t(w) = -11*r(w) - 6*x(w). Give t(-2).
19
Let q = -627 + 623. Let f(j) = j**3 + 6*j**2 + 6*j - 2. What is f(q)?
6
Let z(m) = m**3 + 3*m**2 + m + 3. Let b(s) = 74*s + 145. Let k be b(-2). What is z(k)?
0
Let z = 9 - 6. Let g(a) = 3*a + 65. Let o be g(-21). Let r(i) = -i**2 + 34 - 40 + 7 + o*i. What is r(z)?
-2
Let t(q) = -q**2 - 11*q + 28. Let w be t(-13). Let y(v) = 4 - 3 + 2*v - w*v**2 + 3*v**3 + 2*v**2. Give y(-1).
-4
Let k(b) = b**2 - 2*b - 2. Let q = -359 + 357. Determine k(q).
6
Suppose -7*m - 54 = -25*m. Let r(u) = u**2 - 2*u - 1. Determine r(m).
2
Let s(i) be the first derivative of -3/2*i**2 + 2*i - 1/3*i**3 + 11. Suppose f = 2*f + 5. Determine s(f).
-8
Let k(y) = -y**3 + 7*y**2 - 5*y - 4. Let x(b) = -2*b**3 + 15*b**2 - 11*b - 13. Let v(p) = 5*k(p) - 2*x(p). What is v(4)?
10
Let o(c) = c**3 - 10*c**2 + 11*c - 16. Let q be o(9). Suppose -y - 2*g - 5 = -0*g, 5*y - 20 = 5*g. Let f(t) = t**3 - 2*t - y - q*t + 5 + 3*t**2. What is f(-4)?
4
Let w(t) = 16*t - 58*t + 18*t + 13*t + 16*t + 1 + t**2. Give w(-4).
-3
Let v(w) be the second derivative of w**5/20 - 5*w**4/12 + 